r of o and 16.
1
Suppose 2*z - 949 = -4*g - 297, -2*g = 3*z - 998. Suppose z = -222*m + 225*m. What is the highest common factor of m and 84?
28
Let w = 3 + -1. Suppose -v + 5*m + 155 = 4*v, -w*m = 2*v - 74. Suppose k = -31 + v. What is the greatest common factor of 27 and k?
3
Suppose -73626 - 670 = -2190*r - 4216. Let c(l) = -3*l**3 - 5*l**2 + 6*l. Let s be c(-6). Calculate the greatest common factor of r and s.
16
Suppose 0 = -78*y + 74*y + 108. What is the highest common factor of 261 and y?
9
Let q(d) = d + 12. Suppose 5*t - 18 = c, 6*c - 3*c + 24 = 5*t. Let n be q(c). Calculate the greatest common factor of 36 and n.
9
Suppose 5*a = 5*w + 46120, 5*a - 26472 - 19603 = -4*w. Calculate the highest common divisor of 21 and a.
21
Let x(r) = 347*r + 9. Let w be x(1). Suppose 326 = -2*o + w. Calculate the greatest common divisor of 795 and o.
15
Suppose 11465*n = 11482*n - 1496. What is the greatest common divisor of 1208 and n?
8
Let k be ((-36248960)/(-620))/32 - (-2)/(-31). Calculate the greatest common divisor of 725 and k.
29
Let o = 952 + 3062. What is the greatest common factor of 54 and o?
18
Suppose 4*z - 5*u - 2 = -3*u, 4*u = -2*z + 6. Let o be (-396)/(-99)*(z - 0/2). What is the highest common factor of o and 2?
2
Let b = -64 - -111. Suppose b*l - 75 = 42*l. Let h(w) = 2*w**2 - 2*w + 8. Let y be h(8). What is the highest common factor of y and l?
15
Suppose -11*y = -7*y - 100. Suppose y = 3*z + 2*z. Let u be 25/(-225) - (397/(-9) - 1). Calculate the highest common divisor of u and z.
5
Suppose -18*o + 2247 - 465 = 0. What is the highest common divisor of 484 and o?
11
Let u(n) = -7*n**3 - 2*n - 8 + 3*n - 55*n**2 + 28 + 6*n. Let q be u(-8). What is the highest common divisor of 532 and q?
28
Suppose 1412 = g - j, -97*g = -93*g + 5*j - 5675. Calculate the greatest common divisor of g and 45.
5
Let n(p) = -46*p + 985. Let w be n(21). Calculate the greatest common factor of 12 and w.
1
Let y(p) = -p**2 + 20*p - 28. Let o be y(15). Let x = -47 + o. Suppose u - 3*u + 78 = x. What is the highest common factor of 13 and u?
13
Let y be -10 - 25/((-175)/106974). Calculate the highest common factor of 23 and y.
23
Let d be (12/36)/(3 + 429/(-144)). Suppose 14*g = -d*g + 16530. What is the greatest common factor of g and 29?
29
Let f(b) = b**3 + 6*b - 6. Suppose -27 = -18*w + 9*w. Let k be f(w). Let d be 313*1 + (-2)/2. Calculate the greatest common divisor of d and k.
39
Suppose -5*u + 0 = 3*h - 5, -4*u + h = -21. Let d = -30 + 41. Let t = d + 9. What is the greatest common factor of u and t?
4
Let o(d) = d**2 + 15*d + 77. Let y be o(-11). Let a = 72 - 61. Calculate the highest common factor of y and a.
11
Suppose -27072 = -15*r + 5*r - 37*r. What is the highest common divisor of 936 and r?
72
Let i(c) = c**3 + 22*c**2 - 5*c + 31. Let x be i(-22). Let w = 1302 - 973. What is the highest common factor of x and w?
47
Let n = -78 - -147. Suppose 6*j = n - 9. Let u be 16/j*-10*33/(-12). Calculate the highest common divisor of 66 and u.
22
Let p = 6245 + -6223. Suppose -4*w - 365 = -9*i + 4*i, 3*i + 3*w - 246 = 0. What is the greatest common factor of i and p?
11
Let a = 222 - 44. Let c = a + -73. Calculate the greatest common factor of c and 385.
35
Let u be (-32980)/(1 - 6) - -8. What is the greatest common factor of u and 52?
52
Let q = -22 + 131. Suppose 6*m - 301 = -q. Calculate the greatest common factor of 1088 and m.
32
Let c = 30 - 33. Let b be 284/36*6 - (-1)/c. Suppose 0 = -2*q - 5*h - 11 + b, -4*h - 57 = -5*q. What is the greatest common factor of 39 and q?
13
Let k(v) = 22*v**2 - 4*v + 4. Let z be k(-4). Let m = z - 138. Suppose -2*n + s + 64 = -2*s, 5*s = 5*n - 150. Calculate the highest common divisor of m and n.
26
Let j = -18775 - -18868. Calculate the highest common divisor of j and 13857.
93
Let v be (3 + (-14)/(-6))/(16/8952) + -1. What is the highest common factor of v and 38?
19
Suppose 0 = 2*c - 5*c + 192. Let b be (6/8*-28)/(3*4/(-64)). Calculate the highest common divisor of b and c.
16
Suppose -45*d + 171035 = 10115. Calculate the highest common divisor of 132 and d.
12
Let q(l) = -33*l - 2079. Let s be q(-65). What is the highest common divisor of s and 8646?
66
Let f = 10522 + -10447. What is the greatest common divisor of f and 825?
75
Let a be (5/(-15))/((-1)/27). Suppose -5*q - 44 = 7*t - 5*t, -20 = 3*t - 4*q. Let n = t + 93. What is the highest common divisor of n and a?
9
Suppose s + 34 = y, -16*y = 57*s - 55*s - 472. Suppose 5*a - 4*a = 3. Let n be 1/(a/60*2). Calculate the greatest common factor of y and n.
10
Let t = -708 - -732. What is the highest common divisor of t and 104?
8
Let f(g) = g**3 - 11*g**2 - 16*g + 274. Let d be f(10). Calculate the greatest common factor of 6818 and d.
14
Let b(q) = 19*q**3 + 2*q**2 - q - 2. Let v be b(-1). Let r(y) = -y**3 - 18*y**2 - 21*y - 27. Let h be r(v). What is the greatest common divisor of h and 39?
39
Let t = -528 + 553. Suppose l - 3*w = 584, 3*w - 5 = -14. What is the highest common divisor of l and t?
25
Let x(a) = -4*a + a**3 - a**2 + 3*a + 14 - a**2. Let k = 324 + -324. Let h be x(k). What is the highest common divisor of 21 and h?
7
Let d = -4697 - -4774. Calculate the greatest common divisor of d and 704.
11
Suppose -5*q + 1060 = 5*a, 5 = 3*a + 2*a. Suppose -194*g - 1173 = -q*g. What is the highest common factor of g and 1104?
69
Let j be 390*(-1 + 15/25)*188/(-6). What is the greatest common factor of j and 104?
104
Suppose -143 = -5*j - 628. Let k = j + 154. Let q = k + 13. Calculate the greatest common divisor of 10 and q.
10
Suppose 34*b - 30*b - x - 58 = 0, -4*x + 496 = 36*b. Let y = 4 - 6. Let f be 1/(-2) - 15/y. Calculate the highest common divisor of f and b.
7
Let v = -67 - -70. Suppose 2*h + v*l = 1, -2*h + 12 = -5*l - 13. Suppose 2 = -2*c, 4*y - 78 = h*c + 15. Calculate the highest common factor of y and 2.
2
Let h(b) = b**2 + 6*b - 12. Let v be h(-7). Let d = v - -8. Let w be (-5 + 2)*d*-2. What is the greatest common factor of w and 72?
18
Let i(d) = -76*d - 434. Let h be i(-6). What is the highest common divisor of 594 and h?
22
Let a = 1986 + -1959. What is the highest common divisor of a and 16659?
27
Suppose 3*h + 2*r = 227, -3*h + 223 = -8*r + 12*r. Let g be (-400)/(-18) + 2/(-9). What is the highest common divisor of g and h?
11
Suppose 5*j = -34*o + 37*o + 621, 243 = 2*j - 3*o. Suppose -2*g = 2*g - 144. What is the greatest common factor of j and g?
18
Let i = 147 + -124. Suppose 0 = 4*c - 3*c - i. What is the greatest common factor of c and 23?
23
Suppose -2*v + 108 - 48 = 0. Suppose -4*s = -130 - v. Let r be (-2)/(-7) + 108/14. What is the greatest common divisor of s and r?
8
Suppose 4*h = -s + 31, -4*h = 3*s + s - 100. Let y = -1103 + 1048. Let m be 36*y/(-44) - -1*1. What is the highest common divisor of s and m?
23
Suppose 84 = 4*g - 0*g + 4*i, -4*g + i = -84. Let b = -174 + 254. Let r = -66 + b. What is the highest common divisor of g and r?
7
Suppose -1688 = -48*u - 248. Suppose r = 2*q - 659, 4*r - r = q - 327. What is the greatest common divisor of q and u?
30
Let k = -22 - -22. Let z(o) = o**3 + o**2 - 2*o + 11. Let q be z(k). Suppose q*i + 37 = 345. What is the highest common divisor of 7 and i?
7
Suppose 13*q - 56 = 22. Let u be ((-17)/((-85)/140))/(q/9). Suppose -a = -4*g - 114, 5*a + 5*g - 2*g = 639. What is the greatest common factor of a and u?
42
Let b(r) = 15*r**2 - 42*r + 192. Let f be b(6). What is the highest common factor of 660 and f?
60
Suppose -54*m = -41*m - 7475. Let r = m - 561. Calculate the highest common factor of r and 7.
7
Suppose 29*t = 36*t - 147. Let q(p) = -p - 10 + 3*p - 2*p + 2*p. Let f be q(12). What is the highest common divisor of t and f?
7
Suppose 4*d - 965 = -5*r, 7*d - 3*d - 983 = r. What is the greatest common divisor of d and 560?
35
Let b(f) = 4*f - 61. Let q be b(15). Let o(j) = 8*j**2 - 3*j + 1. Let v be o(q). Let r = 16 + v. What is the highest common divisor of 252 and r?
28
Suppose 378 - 1562 = -8*g. What is the greatest common factor of 56 and g?
4
Let c = 231 + -223. Suppose -37 = -5*m + c. What is the greatest common divisor of 6 and m?
3
Suppose l + 2*n - 13 = 17, -5*l = 3*n - 185. Suppose -22 = -3*k + 125. Let w = k - 45. Calculate the greatest common divisor of l and w.
4
Let v 